8?
15
Calculate the remainder when 20175 is divided by 17.
13
Calculate the remainder when 865 is divided by 110.
95
What is the remainder when 119761 is divided by 753?
34
Calculate the remainder when 118980 is divided by 82.
80
Calculate the remainder when 3904 is divided by 3581.
323
Calculate the remainder when 6831 is divided by 3413.
5
Calculate the remainder when 8441 is divided by 13.
4
What is the remainder when 9474 is divided by 4727?
20
Calculate the remainder when 98809 is divided by 25.
9
What is the remainder when 2907 is divided by 623?
415
What is the remainder when 1828 is divided by 11?
2
What is the remainder when 29994 is divided by 9995?
9
What is the remainder when 13787 is divided by 1625?
787
What is the remainder when 35195 is divided by 434?
41
Calculate the remainder when 15107 is divided by 12.
11
What is the remainder when 997106 is divided by 478?
476
Calculate the remainder when 25736 is divided by 73.
40
Calculate the remainder when 6351 is divided by 650.
501
What is the remainder when 704940 is divided by 46?
36
Calculate the remainder when 4756 is divided by 1419.
499
What is the remainder when 90602 is divided by 6040?
2
What is the remainder when 793 is divided by 37?
16
Calculate the remainder when 9277 is divided by 1854.
7
What is the remainder when 1902 is divided by 21?
12
What is the remainder when 1263 is divided by 579?
105
Calculate the remainder when 4348 is divided by 13.
6
Calculate the remainder when 429 is divided by 413.
16
What is the remainder when 6143 is divided by 5094?
1049
Calculate the remainder when 90605 is divided by 90506.
99
What is the remainder when 5529 is divided by 2656?
217
What is the remainder when 2150898 is divided by 1570?
1568
What is the remainder when 28148 is divided by 908?
0
Calculate the remainder when 3916 is divided by 1948.
20
What is the remainder when 4989 is divided by 245?
89
What is the remainder when 1275 is divided by 95?
40
What is the remainder when 66448 is divided by 5536?
16
Calculate the remainder when 32255 is divided by 6443.
40
What is the remainder when 70128 is divided by 30?
18
What is the remainder when 49582 is divided by 1064?
638
What is the remainder when 16925 is divided by 27?
23
What is the remainder when 95920 is divided by 1279?
1274
What is the remainder when 9497 is divided by 12?
5
Calculate the remainder when 2108682 is divided by 12.
6
Calculate the remainder when 118815 is divided by 46.
43
Calculate the remainder when 12928 is divided by 392.
384
What is the remainder when 75614 is divided by 22?
0
Calculate the remainder when 2582 is divided by 108.
98
Calculate the remainder when 107967 is divided by 183.
180
Calculate the remainder when 59796 is divided by 3145.
41
Calculate the remainder when 19107 is divided by 79.
68
Calculate the remainder when 95889 is divided by 52.
1
What is the remainder when 7379 is divided by 7167?
212
Calculate the remainder when 53355 is divided by 13337.
7
What is the remainder when 3507 is divided by 3138?
369
What is the remainder when 243902 is divided by 296?
294
Calculate the remainder when 117895 is divided by 117881.
14
Calculate the remainder when 281975 is divided by 323.
319
What is the remainder when 587 is divided by 508?
79
Calculate the remainder when 36489 is divided by 41.
40
Calculate the remainder when 1478 is divided by 480.
38
Calculate the remainder when 779886 is divided by 19497.
6
What is the remainder when 346309 is divided by 468?
457
Calculate the remainder when 5725 is divided by 369.
190
What is the remainder when 50915 is divided by 8485?
5
Calculate the remainder when 455 is divided by 47.
32
Calculate the remainder when 113722 is divided by 18.
16
Calculate the remainder when 1819 is divided by 84.
55
What is the remainder when 7068 is divided by 2257?
297
Calculate the remainder when 263753 is divided by 85.
83
What is the remainder when 3041 is divided by 845?
506
What is the remainder when 1675 is divided by 298?
185
Calculate the remainder when 6113 is divided by 678.
11
Calculate the remainder when 1166843 is divided by 128.
123
What is the remainder when 3379 is divided by 620?
279
What is the remainder when 1587 is divided by 14?
5
Calculate the remainder when 5115 is divided by 3.
0
What is the remainder when 9353 is divided by 3093?
74
Calculate the remainder when 132855 is divided by 61.
58
Calculate the remainder when 4844 is divided by 985.
904
Calculate the remainder when 67616 is divided by 4507.
11
Calculate the remainder when 16291 is divided by 114.
103
What is the remainder when 8115 is divided by 27?
15
Calculate the remainder when 9944 is divided by 710.
4
What is the remainder when 15053 is divided by 54?
41
What is the remainder when 7769 is divided by 101?
93
What is the remainder when 611 is divided by 102?
101
What is the remainder when 51140 is divided by 441?
425
What is the remainder when 732091 is divided by 183015?
31
What is the remainder when 72493 is divided by 106?
95
Calculate the remainder when 1318578 is divided by 11.
8
Calculate the remainder when 781657 is divided by 323.
320
Calculate the remainder when 208269 is divided by 59.
58
Calculate the remainder when 2735 is divided by 228.
227
What is the remainder when 9836 is divided by 123?
119
Calculate the remainder when 8898 is divided by 809.
808
Calculate the remainder when 4431 is divided by 873.
66
Calculate the remainder when 87601 is divided by 29195.
16
Calculate the remainder when 53080 is divided by 32.
24
Calculate the remainder when 5639 is divided by 8.
7
Calculate the remainder when 443 is divided by 136.
35
What is the remainder when 504844 is divided by 173?
30
Calculate the remainder when 7340 is divided by 66.
14
What is the remainder when 6364 is divided by 710?
684
Calculate the remainder when 938 is divided by 681.
257
What is the remainder when 3238 is divided by 1080?
1078
What is the remainder when 14956 is divided by 98?
60
What is the remainder when 13618 is divided by 4532?
22
Calculate the remainder when 210693 is divided by 1086.
9
Calculate the remainder when 8179 is divided by 1152.
115
What is the remainder when 2444 is divided by 194?
116
Calculate the remainder when 511063 is divided by 127764.
7
What is the remainder when 3404 is divided by 33?
5
What is the remainder when 34754 is divided by 1053?
5
What is the remainder when 201555 is divided by 413?
11
Calculate the remainder when 85775 is divided by 21.
11
What is the remainder when 5304 is divided by 23?
14
What is the remainder when 21066 is divided by 481?
383
Calculate the remainder when 731 is divided by 329.
73
What is the remainder when 13822 is divided by 192?
190
What is the remainder when 15369 is divided by 5122?
3
Calculate the remainder when 95932 is divided by 492.
484
What is the remainder when 2717132 is divided by 57?
56
What is the remainder when 703578 is divided by 4213?
7
What is the remainder when 55014 is divided by 27249?
516
Calculate the remainder when 9385 is divided by 1527.
223
What is the remainder when 19596 is divided by 559?
31
Calculate the remainder when 6144 is divided by 313.
197
Calculate the remainder when 24582 is divided by 630.
12
Calculate the remainder when 26524 is divided by 26489.
35
What is the remainder when 55400 is divided by 157?
136
What is the remainder when 3855 is divided by 357?
285
What is the remainder when 101419 is divided by 9?
7
Calculate the remainder when 63343 is divided by 1005.
28
Calculate the remainder when 56033 is divided by 99.
98
What is the remainder when 828 is divided by 17?
12
What is the remainder when 75 is divided by 26?
23
Calculate the remainder when 36295 is divided by 130.
25
Calculate the remainder when 86616 is divided by 693.
684
What is the remainder when 212450 is divided by 44?
18
What is the remainder when 166187 is divided by 43?
35
What is the remainder when 66910 is divided by 881?
835
Calculate the remainder when 306867 is divided by 579.
576
Calculate the remainder when 60825 is divided by 9.
3
Calculate the remainder when 262163 is divided by 52430.
13
Calculate the remainder when 869 is divided by 206.
45
What is the remainder when 818021 is divided by 64?
37
Calculate the remaind